**2. Determine r(0).
104
Let d(f) = -3*f**3 - 5*f**2 + 6*f. Let i(g) = 10*g**3 + 16*g**2 - 19*g + 1. Suppose 6*l + 24 = 18*l. Let h(m) = l*i(m) + 7*d(m). Give h(-4).
2
Let p(m) = -m - 1. Let t = 85 + -82. Suppose -4*o = 5*c + 1, t*c + 0*o - 1 = -4*o. Let f(v) = 3*v + 5. Let h(g) = c*p(g) - f(g). Determine h(-7).
10
Let u(n) be the second derivative of -n**4/3 + 16*n**3/3 - 20*n**2 - 187*n - 14. Calculate u(6).
8
Let f(b) = -b**2 - 14*b - 41. Let s be (-276)/(-230) - 92/10. What is f(s)?
7
Let g(c) = -4*c**3 + 17*c**2 + 2*c - 14. Let p(s) = -2*s**3 + 6*s**2 + s - 5. Let y(h) = 3*g(h) - 8*p(h). Let z be 7 - 3/(-9)*-15. Give y(z).
38
Suppose 0 = -31*i + 35*i - 48. Let p(q) = i*q - 4*q - 2*q - 1 - 5*q. Determine p(6).
5
Let s(u) = -8 + 7 - 76*u + 75*u + 9 + 4. Give s(-5).
17
Suppose 7*q - 25 = -53. Let y(l) be the first derivative of -5*l**2/2 - 4*l + 37. What is y(q)?
16
Let c(o) = -5*o**3 - 39*o**2 - 13*o + 48. Let k(t) = 3*t**3 + 21*t**2 + 7*t - 25. Let s(h) = 4*c(h) + 7*k(h). What is s(9)?
-10
Let n(s) = 12*s**3 - s - 1. Let u(y) = -y**3 + 2*y**2 + 9*y + 29. Let c be u(5). Give n(c).
-12
Let w(k) be the first derivative of -10*k + 1/2*k**2 + 71. Determine w(7).
-3
Let v(l) = 2*l - 7. Let u be ((-2)/(-12)*9)/((-6)/(-28)). Let w be -6*u/(-21) - -5. What is v(w)?
7
Let k(b) = -35 - 7*b + 828*b**3 - 5*b - 829*b**3 + 18*b**2 - 3*b. Determine k(17).
-1
Let r(k) = 3*k + 3. Let x(s) = -5*s - 7. Let l(z) = -7*r(z) - 4*x(z). Suppose 0 = -2*w + w + 6. Determine l(w).
1
Let x(m) be the third derivative of 11*m**6/120 - m**5/60 - m**4/24 + m**3/6 + m**2 + 3*m. Let h(w) = 8*w**3 - 48*w**2 - w + 7. Let s be h(6). What is x(s)?
10
Let z(j) = j**2 + 0 - 6 + 38*j - 10*j - 28*j. Determine z(-4).
10
Let y = 726 - 727. Let z(i) = 6*i. Determine z(y).
-6
Let w(g) = -280*g - 13*g**2 - 4 + 114*g - g**3 + 143*g. Give w(-11).
7
Let l(b) = b**3 - 36*b**2 - 39*b + 88. Suppose -5*q = 3*d + 78 - 199, -2*d - 4*q = -82. Give l(d).
14
Let y(w) = -2*w**2 - 5*w - 4. Let t be y(-4). Let s(c) be the first derivative of c**4/4 + 5*c**3 - 8*c**2 - 3*c - 5149. Calculate s(t).
-3
Let a(g) = -5673*g + 2842*g + 2836*g - 7. Give a(5).
18
Let f(w) be the third derivative of 1/60*w**5 + 6*w + 0*w**4 - w**2 - 1/6*w**3 + 0. Calculate f(-1).
0
Let u(s) = 8*s + 85. Suppose 7*z + 43 + 72 = 38. Give u(z).
-3
Let n(y) = -18*y - 60. Let v(t) = 29*t**3 + 23*t**2 + 9*t + 9. Let c be v(-1). Determine n(c).
48
Let n(z) = 34372*z - 2 - 34377*z + 10 + z**3 + z**2. Determine n(0).
8
Let d(p) = -10*p + 36. Let g be d(3). Let n(j) = -6*j + 0*j + 3 - j**3 + 2*j - 3*j**2 - g. What is n(-2)?
1
Let p(y) = 19*y - 9*y + y - 7*y - 5*y. Suppose 5*j + 3 = 18, 6 = -3*i + 3*j. Let t = -7 + i. Give p(t).
6
Let x(u) be the first derivative of 6 + 1/2*u**2 + 4*u. Suppose -4 = 3*t - t. Calculate x(t).
2
Let w(q) = -146 - 22 + 5*q - 163*q + 3*q**2 - 29*q + 22*q. What is w(56)?
0
Suppose 5*v - 77 - 163 = 0. Let l = -46 + v. Let h(c) = -4 - 5*c - 4*c**2 + 0*c + 3*c**2 + 3*c**l. What is h(4)?
8
Let g(c) = -47*c - 39. Let a(m) = -45*m - 33. Let s(z) = 6*a(z) - 5*g(z). Determine s(0).
-3
Let z(p) = 20 + 3*p - 21 + 3*p + 3*p - 8*p. Suppose 0 = 2*h - 3*i + 12, -4*i + 8 = -4*h - 2*i. Let s be (h - (-3 + 0)) + -2. Calculate z(s).
0
Let z(r) = -r**2 - 8*r + 5. Let x(p) = -p**2 + 6*p + 468. Let f be x(-19). Determine z(f).
12
Suppose 0 = -2*f - 8. Let o(r) be the second derivative of 0*r**2 - 1/3*r**3 + 0 + 10*r. Give o(f).
8
Let y(r) = 2*r + 10 - 11 - 4. Let t(h) = h**3 + 9*h**2 - 9*h + 17. Let v be t(-10). Suppose 0 = 2*g - 5*d - 33, -v*g + 5*d + 41 = -3*g. What is y(g)?
3
Suppose 3*o + 3*b + 702 = -11574, o + 2*b = -4088. Let i be o/(-416) + 4/26. Let h(j) = -j**2 + 13*j - 15. Calculate h(i).
15
Let l = -1335 - -1351. Let i(k) = 3*k**2 - 49*k - 2. Determine i(l).
-18
Suppose 0 = 10*c - 33 + 13. Suppose -8 = 2*y, 2*y - 34 - 4 = -c*w. Let m(h) = 14*h + 18*h**2 + 8*h - w*h - 1 - 4*h**2. What is m(-1)?
14
Let m(l) = l**3 - 5*l**2 - 8*l + 9. Let b = -116 - -119. Let h be 25/4 + 1/(-12)*b. Determine m(h).
-3
Let c(h) be the third derivative of -h**4/8 + h**3/2 - 131*h**2 - h. Suppose 6*x - 12 + 54 = 0. Give c(x).
24
Let s(n) = n**2 + 9*n + 76. Let v be s(-16). Let u = v - 182. Let d(p) = p**2 - 3*p + 1. Calculate d(u).
19
Let b(q) = -2*q**3 - 8*q**2 - 4*q - 9. Let o = -5189 - -5185. What is b(o)?
7
Let a = 14 - 19. Let l(t) be the first derivative of -3*t**2/2 - 7*t - 121. Give l(a).
8
Let r(w) = -4*w**2 + 32671*w**3 - 32670*w**3 - 11 + 4*w + w. Calculate r(6).
91
Let x(g) be the second derivative of g**5/20 - g**4 - 13*g**3/3 - 13*g**2/2 + 1416*g. Calculate x(14).
15
Let q(j) = -j**3 + 8*j**2 + 2*j - 16. Let h be q(8). Suppose 5*b - 5*i = -0*b - 45, 4*b - i + 36 = h. Let g(s) = -s**3 - 8*s**2 + 8*s - 11. Give g(b).
-2
Let j(v) be the second derivative of v**5/20 + 5*v**4 - 29*v**3/3 + 187*v**2/2 - 45*v - 12. Give j(-61).
4
Suppose r = 4*y + 10 - 6, 0 = 5*r - 3*y - 20. Let s(a) be the first derivative of r*a - 22 + 7/2*a**2. Determine s(3).
25
Let n(v) = -17*v**2 - v. Suppose 3*r = 672 - 618. Suppose 10*y - 28*y = r. Give n(y).
-16
Let v(c) = -2*c**3 - 63*c**2 - 359*c + 26. Let i be v(-24). Let j(a) = -35*a**2 + 11*a - 4. What is j(i)?
-122
Let l(k) = -2*k**2 - 35*k - 11. Let x be l(-17). Suppose -4 - x = r - 4*s, -10 = -5*s. Let y(a) = a**2 + 5*a + 2. Give y(r).
-4
Let t = -848 - -847. Let a(g) be the third derivative of 0*g + 0 + 7*g**2 + 0*g**4 + 1/6*g**5 - 1/6*g**3. Give a(t).
9
Let y(k) = k + 143 - 51 - 49 - 42. Suppose -15 = 5*q - 5*z, 2*q + 5*z - 45 + 16 = 0. Suppose 4*s = -q*h - 12, -4*h + h + 2 = 2*s. Give y(s).
-4
Let q(x) = 6*x - 28. Suppose -21*i = r - 23*i - 7, -4*i + 63 = 5*r. Determine q(r).
38
Let h be (19/(-5))/(0 + 3/(-45)). Suppose -h = 7*d - 8. Let i(g) = 4 - 3*g**2 - 10*g - 14 + 2*g**2. Calculate i(d).
11
Let v(z) be the first derivative of z**5/10 + z**4/4 - z**3/6 - z**2 + 85*z - 143. Let b(p) be the first derivative of v(p). Calculate b(-2).
-4
Let f(a) = 14*a**2 - 3*a + 3. Suppose -7*r + 52 - 25 = 13. Calculate f(r).
53
Let s(m) = m**3 + m**2. Let z(t) = -t**2 - 13*t + 2. Let v be z(-13). Let i(o) = -3*o**3 - 12*o**2 - 3*o - 11. Let y(f) = v*s(f) + i(f). What is y(-10)?
19
Suppose 3*h = i - 32, -2*i + 6*i = 5*h + 114. Let v(l) = -i + 8*l + 50 - 23. What is v(2)?
17
Let q(b) = -b**3 - 18*b**2 - 79*b - 2. Let g be q(-10). Let v(x) be the third derivative of x**4/12 + 3*x**3/2 - 4*x**2. Calculate v(g).
-15
Let z(y) = y + 20. Let q = -3826 + 3818. What is z(q)?
12
Let p(k) = k**3 + 82*k**2 + 116*k + 2838. Let g be p(-81). Let o(l) be the first derivative of l + 1/4*l**4 + 3/2*l**2 + 5/3*l**g + 5. Calculate o(-4).
5
Let z(a) = -20*a**3 + 7*a**2 - 16*a + 27. Let f(v) = -11*v**3 + 4*v**2 - 10*v + 14. Let d(x) = -9*f(x) + 5*z(x). Give d(-3).
-3
Let v(l) = -60*l**2 + 220*l**2 - 15 - 158*l**2 - 4*l. Determine v(-6).
81
Let m(z) = -5*z - 13. Let x(a) = -7*a - 8. Let p(r) = 3*m(r) - 2*x(r). Determine p(7).
-30
Suppose 0 = a + 3 + 4. Let l(q) be the second derivative of q**4/12 + 5*q**3/6 - 7*q**2/2 + 116*q. What is l(a)?
7
Let r(z) = 116 + 6*z + 145 - 346 + 140. What is r(-6)?
19
Let j(h) = h + 5. Suppose -b = s + 4, -5*b + 10*s = 5*s - 20. Suppose b = -7*p - 9 + 2. Let f be p + (0 - (5 - 1)). Calculate j(f).
0
Let s be (16/(-448)*-14)/(1/34). Let w(j) = j**3 - 18*j**2 + 20*j - 10. Determine w(s).
41
Let t(u) = u**3 + 15*u**2 - 4*u + 5. Let s be -18 + 3/6*-3*(7 - 9). Give t(s).
65
Suppose -5*p - 119 = -2*h + 204, -3*h + 527 = p. Let g = -169 + h. Let c(r) = r**2 - 7*r + 6. Give c(g).
-4
Let y(o) = -2*o**3 - 58*o**2 + 3*o + 84. Let k be y(-29). Let p(s) = 14*s + 42. What is p(k)?
0
Let n(p) = -p**2 + 14*p + 13. Let j be n(14). Let s = -5 + j. Let k(m) = -38*m + 36*m - 1 + 8 - 2. What is k(s)?
-11
Suppose 0 = -4*w + 12, f - 6*f - 5*w + 10 = 0. Let s(r) = -4*r + 13. Let b(g) = -g + 3. Let k(i) = -9*b(i) + 2*s(i). Determine k(f).
-2
Let t be (9/(-7))/(-9 - (-1722)/196). Let y(h) = -3 - 3 + 16*h - 1 - 9*h - t*h. Give y(9).
2
Suppose 43*a - 38*a + 30 = 0. Let b be a/(-2 + 4) + (-34 - -42). Let u(c) = c + 14. Let t(y) = -7. Let i(p) = 7*t(p) + 3*u(p). Give i(b).
8
Let l(t) = -t**2 + 7*t + 1. Suppose -2*o = -0*o - 5*w + 19, -5*w = 5*o + 135. Let j(i) = i**3 + 23*i**2 + 23*i + 27. Let s be j(o). Determine l(s).
11
Let n(r) be